2 + 58*f + 255. Let g be i(-7). What is the greatest common factor of g and 15886?
94
Let a be ((18/27)/2)/((-11)/(-99)). Calculate the highest common factor of a and 15.
3
Let x(f) = 30*f - 3722. Let d be x(151). What is the greatest common factor of 40 and d?
8
Suppose 0 = -9*h + 4 + 23. Let k be -10 + 3 - (-2)/1. Let q be -2*2*(4 + k). Calculate the highest common factor of h and q.
1
Let d = -468 - -473. Suppose -x = -3*n - 1005, 0 = -2*x - x + d*n + 3019. Calculate the greatest common divisor of 63 and x.
63
Let u(k) = -15*k + 19. Let m be u(0). Let l(y) = y - 9. Let f be l(m). What is the highest common factor of f and 150?
10
Suppose 0 = 31*d - 0*d - 4395 - 255. Calculate the greatest common divisor of d and 18.
6
Let w be (-7)/3*(-6)/14. Let t = -42 + 56. What is the greatest common divisor of t and w?
1
Let j be 138/42 - 3 - 68/(-7). Let w be j/55 - 1050/(-33). Suppose -70 = -3*g - q + 702, -268 = -g - 3*q. Calculate the greatest common factor of g and w.
32
Let y(k) be the third derivative of -k**4/4 + 25*k**3/3 - 38*k**2. Let j be y(8). Let t be (-13 + 0/7)*(-2)/j. Calculate the highest common divisor of 52 and t.
13
Let a(i) be the second derivative of 19*i**3/6 - 111*i**2/2 + 58*i. Let j be a(14). Calculate the greatest common factor of 62 and j.
31
Suppose 78*s - 45000 = -72*s. Let a(l) = -l**2 + l + 20. Let q be a(0). What is the greatest common divisor of q and s?
20
Suppose 115 = -3*u + 5*i, -30 = u - 5*i + 25. Let t be (24/u)/((-187)/185 - -1). Calculate the greatest common factor of t and 185.
37
Let i(y) = 142*y**2 + 466*y - 927. Let m be i(2). Calculate the highest common divisor of m and 15089.
191
Suppose 0 = 2*h - 3*h - 19. Let n be 8 + 1 - (h - -19). Let o = n + 145. What is the greatest common factor of 14 and o?
14
Suppose -5*l + 0*l + 80 = 0. Let y be 6 + 21 + 5/((-15)/18). Suppose -96 = y*s - 600. What is the highest common factor of s and l?
8
Suppose -14*w = -7*w + 3913. Let p be (8/(-2) - w) + -4. Let j = -383 + p. What is the highest common factor of 21 and j?
21
Let z(m) = 6*m + 460. Let n be z(-50). Calculate the greatest common factor of n and 2060.
20
Suppose 3*m = 5*i + 868 - 215, 5*i = 4*m - 869. Suppose 4*k - k - m = 0. Calculate the greatest common factor of k and 96.
24
Suppose 5926 = -186*o + 103154 + 58268. What is the greatest common divisor of o and 396?
44
Let u = 648 - 417. Let x be (-9 - 2794/(-11))*(-14)/(-10). Let h = x + -310. What is the greatest common divisor of u and h?
33
Let v be (-370)/80*-28*(-20)/(-7). Suppose 5*a - 62 = -3*u, -2*a + 30 = -a + 5*u. Calculate the greatest common divisor of v and a.
10
Let j = 2587 - 559. What is the greatest common factor of j and 52?
52
Let d be (61 - 52)*5/(-15)*-35. Suppose -4*t - 4*x = -0*x - 108, 5*t - 5*x - 165 = 0. Calculate the highest common divisor of d and t.
15
Suppose 20*x + 0*x = -440. Let o = x - -162. What is the highest common divisor of o and 30?
10
Suppose 4*c = -325 + 1533. Let q = 347 - c. What is the greatest common factor of q and 20?
5
Let s(f) = 5 - 11 + f + 2 + f**3 - 1. Let y be s(4). Calculate the greatest common divisor of y and 18.
9
Suppose t - 304 = 4*a, -12*t - 3*a - 633 = -14*t. Suppose 17*s - 11*s - t = 0. What is the highest common divisor of s and 126?
18
Suppose -n + 213 = 3*b, 0 = 270*n - 267*n + 9. What is the greatest common divisor of b and 9?
9
Let a be (44/110)/(3 - (-122394)/(-40800)). Calculate the highest common factor of a and 96.
32
Let k be (-36)/(2 - -7)*(-285)/(-4). Let o = k + 345. Calculate the greatest common factor of o and 75.
15
Let f be 12/(-9) - (-15)/(90/1784). Let n = -291 + f. What is the highest common factor of n and 11?
1
Let m be (3522/2 + 3)/(9*(-7)/(-42)). What is the highest common divisor of 1323 and m?
147
Let y be 212/(-19 + (-624)/(-32)). Calculate the highest common divisor of y and 371.
53
Let o = -153 + 159. Let k = 581 - o. What is the greatest common divisor of 50 and k?
25
Suppose 198843 = 383*g - 198328. Suppose 5*t - 5 - 80 = 0. Calculate the greatest common divisor of g and t.
17
Let d be (5 + (-642)/180*-6)/(5/50). Calculate the greatest common factor of 1944 and d.
24
Let z(o) = o**3 + 2*o**2 - 15*o - 2. Let m be z(-4). Suppose 46*q - 1640 = m*q. What is the highest common divisor of 287 and q?
41
Let u(j) = 7*j - 20. Suppose -3*d + 29 = 5*c, 2*c = d + 4*c - 10. Let v be u(d). Let n be 20/40*5/((-5)/(-18)). What is the greatest common factor of v and n?
9
Suppose -263*b - 45 = -272*b. Suppose -b*g = -41*l + 42*l - 215, l - 230 = -2*g. Calculate the highest common factor of l and 6.
6
Suppose 7*k - 4382 = 2*k + x, 5*x = 3*k - 2616. Suppose -4*t + 3699 = -k. Let n be t/117 + 4/18. Calculate the highest common divisor of 70 and n.
10
Suppose 0 = 5*m + b - 6*b + 10, -4 = -4*m - 2*b. Suppose m = 10*y - 127 - 53. Calculate the greatest common divisor of 9 and y.
9
Suppose 356*p - 7644 = 350*p. Let q = -552 + p. Calculate the highest common divisor of q and 38.
38
Suppose 1877 - 302 = 21*c. Suppose 4*l - 507 - 273 = 0. Calculate the greatest common factor of l and c.
15
Let j(s) = s**3 - 28*s**2 - 3*s + 65. Let n be j(28). Let y be 2*201 - 2 - n/(-19). What is the highest common divisor of y and 19?
19
Suppose 0 = -12*o + 856 + 4724. Suppose -32 = -2*l - 4*i + 18, -4*l - 4*i + 80 = 0. Calculate the greatest common divisor of o and l.
15
Let d(x) = -2*x**2 + 28*x + 172. Let q be d(18). Calculate the greatest common factor of q and 2324.
28
Let h be 41 - (-45)/5 - 14. What is the greatest common divisor of 3960 and h?
36
Suppose -192 = 57*z + 47*z - 1856. Suppose -4*o + 1246 = -0*j - 2*j, -3*o = j - 937. Calculate the highest common factor of z and o.
8
Let j = -227 - -323. Let t be -44*8/j*-57. What is the greatest common factor of t and 22?
11
Let l = -2504 + 2520. Calculate the greatest common divisor of l and 6896.
16
Let u(n) = n**3 - n**2 - 2*n - 1. Let m be u(3). Let c be 56 + 27/(-12)*32/12. Suppose -m*v = -v - c. Calculate the greatest common factor of v and 1.
1
Suppose 5*y - 6542 + 2057 = 0. Let p be 24081/y + 2/13. What is the greatest common factor of p and 9?
9
Let q = 282 + -163. Let h = -166 + q. Let r = h - -92. Calculate the highest common factor of r and 60.
15
Suppose 145*x - 1039 = 7226. What is the highest common divisor of x and 3572?
19
Let c = -5374 - -5594. Calculate the highest common divisor of 1140 and c.
20
Let x = -19 - -33. Suppose x = 7*j - 0. Let v be j - (-1 + -2 - -3). Calculate the greatest common divisor of 22 and v.
2
Suppose 4 - 14 = -b. Suppose 2*u = 2*h - 3*h + b, -2*u = 2*h - 14. Let l be ((-12)/(-10))/(h/70). Calculate the greatest common divisor of 14 and l.
7
Let d be 36 - (-4 + 8/2). Let o = 913 - 889. What is the highest common factor of d and o?
12
Suppose 0 = 5*k + 3*f - 68, 5*k + 22*f - 24*f = 63. Calculate the highest common divisor of 77389 and k.
13
Let j be 6/30*45 - 8. Calculate the greatest common factor of j and 247.
1
Suppose 0 = 14*r + 23*r. Suppose r = 202*g - 194*g - 480. What is the highest common divisor of 780 and g?
60
Let g(a) = 1351*a**2 - 35*a + 74. Let k be g(2). Calculate the greatest common divisor of 169 and k.
169
Let r(q) = -q**3 - 46*q**2 - 128*q + 89. Let b be r(-43). Let i(l) = -15*l - 6. Let t be i(-5). What is the highest common divisor of b and t?
23
Suppose 3*s - 441 = -3*j, -3*s + 0*s + 421 = -j. Calculate the highest common divisor of s and 3550.
142
Suppose -5*m = s - 309, 239*m - 45 = 244*m. What is the greatest common divisor of 18 and s?
6
Let n(y) = -438*y - 17. Let m be n(1). Let z = -437 - m. What is the highest common factor of z and 54?
18
Suppose 3*k - 8 = -k. Suppose g - k*g + 80 = 0. Let b be (-12)/(-42) - g/(-14). What is the greatest common divisor of b and 12?
6
Suppose 51*p + 31*p - 200 = 620. Suppose 0*i + 4*i - 12 = 0. Suppose 5*t - 254 = 4*a, 5*t = 4*t - i*a + 47. What is the highest common factor of p and t?
10
Suppose 2*r = -2*r - 28*r + 6816. Calculate the highest common divisor of r and 994.
71
Suppose 29 = 23*i - 63. Suppose -4*y = -0*y + j - 110, 3*j + 118 = i*y. What is the greatest common factor of y and 378?
14
Let j be ((-37)/3)/(-2 - 10/(-6)). Let n = 145 - j. What is the greatest common divisor of n and 48?
12
Let o(r) = -56*r + 29. Let u(n) = 170*n - 87. Let